or of 96 and 228?
12
Calculate the greatest common divisor of 361 and 19.
19
Calculate the highest common factor of 2086 and 447.
149
What is the greatest common factor of 54 and 648?
54
Calculate the greatest common divisor of 780 and 48.
12
Calculate the greatest common factor of 765 and 459.
153
Calculate the greatest common divisor of 1 and 103.
1
Calculate the highest common divisor of 3225 and 100.
25
What is the highest common divisor of 32 and 1296?
16
What is the greatest common factor of 168 and 1248?
24
Calculate the highest common divisor of 228 and 608.
76
What is the greatest common factor of 834 and 30?
6
What is the highest common divisor of 625 and 1125?
125
Calculate the greatest common factor of 533 and 779.
41
What is the greatest common factor of 32 and 4376?
8
Calculate the greatest common factor of 12 and 5.
1
What is the highest common factor of 2716 and 336?
28
Calculate the greatest common divisor of 138 and 368.
46
Calculate the greatest common divisor of 1313 and 26.
13
Calculate the greatest common divisor of 2735 and 5.
5
What is the highest common divisor of 58 and 2?
2
What is the highest common divisor of 304 and 19?
19
What is the greatest common divisor of 279 and 2418?
93
What is the highest common factor of 21 and 1722?
21
What is the highest common divisor of 284 and 18602?
142
What is the greatest common divisor of 13460 and 20?
20
What is the greatest common factor of 90 and 405?
45
Calculate the greatest common divisor of 40 and 1220.
20
Calculate the highest common factor of 405 and 81.
81
What is the greatest common factor of 8274 and 42?
42
What is the highest common divisor of 8918 and 28?
14
Calculate the greatest common factor of 436 and 2.
2
Calculate the highest common factor of 93426 and 138.
138
What is the highest common factor of 80 and 35?
5
Calculate the greatest common factor of 4897 and 747.
83
Calculate the highest common divisor of 1768 and 272.
136
Calculate the greatest common factor of 3961 and 34.
17
Calculate the highest common factor of 133 and 76.
19
What is the greatest common factor of 1991 and 44?
11
What is the greatest common factor of 17 and 4369?
17
What is the highest common divisor of 12 and 540?
12
Calculate the highest common factor of 153 and 9.
9
What is the greatest common divisor of 303 and 7777?
101
Calculate the greatest common divisor of 814 and 187.
11
What is the greatest common factor of 152 and 40?
8
Calculate the greatest common factor of 3 and 93.
3
Calculate the highest common factor of 2875 and 46.
23
Calculate the highest common factor of 917 and 7.
7
Calculate the highest common divisor of 5032 and 592.
296
What is the greatest common divisor of 1089 and 36?
9
Calculate the highest common divisor of 2 and 46.
2
What is the highest common factor of 516 and 18?
6
What is the greatest common factor of 14 and 13454?
14
What is the greatest common factor of 70 and 75?
5
What is the highest common divisor of 3330 and 450?
90
Calculate the highest common factor of 3030 and 210.
30
What is the greatest common factor of 195 and 680?
5
Calculate the highest common divisor of 34 and 17.
17
Calculate the highest common factor of 496 and 1168.
16
What is the highest common divisor of 315 and 2415?
105
What is the greatest common divisor of 138 and 3818?
46
Calculate the greatest common factor of 720 and 2430.
90
What is the highest common factor of 396 and 77?
11
Calculate the greatest common divisor of 2967 and 129.
129
What is the greatest common divisor of 20 and 570?
10
What is the highest common divisor of 15430 and 10?
10
What is the highest common divisor of 284 and 710?
142
What is the highest common factor of 390 and 15?
15
Calculate the highest common factor of 486 and 54.
54
What is the greatest common divisor of 1184 and 128?
32
What is the greatest common factor of 13088 and 32?
32
What is the greatest common divisor of 12193 and 89?
89
What is the highest common divisor of 20 and 452?
4
Calculate the greatest common divisor of 1395 and 450.
45
Calculate the highest common divisor of 297 and 351.
27
Calculate the greatest common factor of 13 and 7.
1
Calculate the greatest common divisor of 57 and 1159.
19
Calculate the greatest common factor of 11 and 11.
11
What is the greatest common factor of 171 and 243?
9
What is the highest common divisor of 9 and 441?
9
Calculate the greatest common factor of 258 and 30.
6
Calculate the greatest common factor of 14442 and 58.
58
What is the highest common divisor of 144 and 225?
9
Calculate the highest common divisor of 20 and 36.
4
Calculate the highest common factor of 42 and 1302.
42
Calculate the greatest common factor of 70 and 644.
14
What is the greatest common divisor of 168 and 19264?
56
Calculate the greatest common divisor of 252 and 81.
9
What is the highest common factor of 272 and 4?
4
Calculate the greatest common divisor of 510 and 90.
30
Calculate the greatest common factor of 170 and 4573.
17
Calculate the greatest common factor of 54 and 666.
18
What is the highest common factor of 3848 and 130?
26
Calculate the highest common factor of 2536 and 48.
8
What is the highest common factor of 134 and 3819?
67
Calculate the highest common divisor of 297 and 14553.
297
What is the highest common factor of 70 and 665?
35
Calculate the highest common factor of 19 and 67602.
19
Calculate the highest common divisor of 84 and 56.
28
What is the greatest common factor of 48 and 3296?
16
What is the greatest common factor of 18 and 78?
6
Calculate the highest common divisor of 2 and 1.
1
What is the greatest common divisor of 18 and 62?
2
What is the greatest common factor of 843 and 3?
3
Calculate the highest common factor of 4408 and 116.
116
Calculate the highest common factor of 2226 and 84.
42
Calculate the highest common divisor of 472 and 5251.
59
What is the greatest common divisor of 75 and 1515?
15
What is the highest common factor of 364 and 28?
28
What is the greatest common divisor of 55 and 4620?
55
Calculate the highest common factor of 1066 and 82.
82
Calculate the greatest common factor of 1469 and 39.
13
Calculate the greatest common factor of 8 and 12.
4
Calculate the highest common factor of 182 and 52.
26
What is the greatest common divisor of 27 and 7281?
9
Calculate the highest common factor of 532 and 252.
28
What is the highest common factor of 370 and 250?
10
What is the greatest common factor of 8851 and 167?
167
Calculate the highest common divisor of 10752 and 168.
168
What is the greatest common divisor of 1035 and 30?
15
What is the greatest common factor of 166 and 1162?
166
What is the greatest common factor of 290 and 1682?
58
Calculate the greatest common divisor of 5280 and 15.
15
Calculate the highest common divisor of 1888 and 531.
59
Calculate the greatest common factor of 19082 and 141.
47
Calculate the highest common divisor of 10 and 434.
2
What is the greatest common divisor of 279 and 775?
31
What is the greatest common divisor of 354 and 12?
6
What is the highest common divisor of 77 and 209?
11
Calculate the greatest common divisor of 15 and 1215.
15
Calculate the highest common divisor of 82 and 451.
41
What is the highest common divisor of 330 and 300?
30
Calculate the highest common divisor of 416 and 169.
13
Calculate the greatest common factor of 736 and 1536.
32
What is the greatest common divisor of 572 and 52?
52
What is the highest common divisor of 273 and 42?
21
What is the highest common divisor of 32 and 568?
8
Calculate the highest common factor of 1120 and 105.
35
What is the highest common divisor of 59 and 59?
59
What is the greatest common divisor of 29 and 754?
29
Calculate the greatest common divisor of 632 and 711.
79
Calculate the highest common divisor of 430 and 2.
2
What is the highest common factor of 88 and 1100?
44
Calculate the highest common divisor of 42 and 105.
21
Calculate the greatest common factor of 915 and 122.
61
Calculate the greatest common divisor of 513 and 114.
57
What is the greatest common factor of 558 and 744?
186
What is the highest common divisor of 46 and 161?
23
Calculate the highest common divisor of 1222 and 2350.
94
What is the highest common divisor of 33 and 429?
33
Calculate the highest common fact